-10). Let a = v - 22. What are the prime factors of a?
3
Let b(s) = 20*s - 67. List the prime factors of b(16).
11, 23
Suppose -99 = -5*h + 2*h. Let x be 1 + (1 - 0) - -45. Suppose h = 3*c + 3*m, x = 4*c - 2*m + 3*m. What are the prime factors of c?
2, 3
Let z(p) = 0 - 9*p + 11 - 2. What are the prime factors of z(-4)?
3, 5
Let n(m) = -4*m - 4*m**2 + 3*m**2 - 9 + m**3 + 3*m + 29. What are the prime factors of n(0)?
2, 5
Let z = -3 + 5. Suppose i - 41 = -3*m, -z*i - 3*i = 5*m - 75. List the prime factors of m.
13
Let g(w) = w**2 + 2*w - 3. What are the prime factors of g(7)?
2, 3, 5
Let o(f) = f**3 - 10*f**2 - 12*f + 14. Let a be o(11). List the prime factors of (-1 - -7) + 0 + a.
3
Suppose -4*i = 4*x - 1598 + 4926, 4*x + 844 = -i. What are the prime factors of i/(-30) + (-4)/(-10)?
2, 7
Let j = 31 - -10. What are the prime factors of j?
41
Suppose -41 - 191 = -5*d + 2*o, d = -4*o + 42. Let z = d - 33. What are the prime factors of z?
13
Suppose -2*x + 1 = -3. Let q(m) = 1 + m - 3*m - x*m + 5*m. What are the prime factors of q(3)?
2
Let s = -9 + 17. Let g be 6/(-5)*(-140)/s. Suppose 0 = -5*x + 9 + g. List the prime factors of x.
2, 3
Let w(r) = 2*r + 3. List the prime factors of w(0).
3
Let o = -53 + 208. List the prime factors of o.
5, 31
What are the prime factors of (-8 - -2) + 3 - -97?
2, 47
Suppose 6*p = p + 1160. List the prime factors of p.
2, 29
Let r(f) = 6*f - 5. Let t(u) = -1. Let c(o) = -r(o) - t(o). What are the prime factors of c(-3)?
2, 3
Let i(w) = -w**3 - 6*w**2 + 3*w - 6. List the prime factors of i(-7).
2, 11
Suppose 0 = z - 36 + 3. Let x = z + -22. List the prime factors of x.
11
Suppose -3*a = c - a + 8, 3*c - 2*a = 16. Suppose -2*k + 3*k - x + c = 0, -5*k = 2*x - 4. List the prime factors of (1 - (k - 0)) + 1.
2
Let s be (-14)/35 - (-154)/10. Let v be -50*(s/(-6))/(-5). Let j = -15 - v. List the prime factors of j.
2, 5
Let h(b) = b**3 + 4*b**2 + 3. Let u be h(-4). Let s be 3/6*(0 + 0). Suppose 4*v = -y + u, 2*v - 4*v + 2*y + 14 = s. What are the prime factors of v?
2
Suppose -5*r - 20 + 1015 = 0. List the prime factors of r.
199
Suppose 4*d + 4*x = 352, 4*d - 352 = -0*d + 5*x. What are the prime factors of d?
2, 11
Let l(o) = o**3 - 3*o**2 - o + 4. What are the prime factors of l(4)?
2
Let o(b) be the third derivative of 0 + b**2 + 1/8*b**4 - 1/6*b**3 + 0*b. What are the prime factors of o(3)?
2
Let g(z) = z**3 + 7*z**2 - 10*z - 17. What are the prime factors of g(-7)?
53
Suppose 0 = -6*n + 2*n - 2*g + 144, 3*n + g = 106. Let w = -2 + n. List the prime factors of w.
2
Suppose -3*m + 10 = -2*m. What are the prime factors of 2/m + 117/15?
2
Let t be 2/(-2 - 0) - 1. Let f be 8/36 + (-52)/(-9). Let a = f + t. What are the prime factors of a?
2
Let f = -8 + 11. Suppose -f*u = -u. Suppose 2*r - 6 = u, -5*p + 13 = -3*r - 23. What are the prime factors of p?
3
Let h(q) = q**2 - 2*q + 1. Let f be h(3). Let d(m) = 1 - 5*m - f*m + 5*m. List the prime factors of d(-2).
3
Suppose 0 = -k - 2*t - 4, t - 10 = 3*t. Let s be 6/2 - (6 - k). What are the prime factors of 22/s - (-3)/(-9)?
7
Let t = -118 + 210. What are the prime factors of t?
2, 23
What are the prime factors of ((-564)/(-10))/(4/10)?
3, 47
Let z(g) = g**2 - 2*g - 7. Let v be z(8). Suppose -4*u + v = 5*k, -2*u + 37 = 5*k + u. Let i(o) = 3*o - 2. What are the prime factors of i(k)?
13
Suppose 3*y = -2*y + 50. What are the prime factors of y?
2, 5
Let r(y) = 2*y**2 + 8*y + 11. List the prime factors of r(-6).
5, 7
Let p(z) = 2*z**2 - 2*z - 5. Let y be p(4). Let w be (-70)/7*2/(-4). Suppose l - 12 = -s - 3*l, 3*s = w*l + y. List the prime factors of s.
2
Let z = 41 - -64. What are the prime factors of z?
3, 5, 7
Suppose 5*f = 2 + 3. Let m be 0 - (1 + f + -2). Suppose -4*r - u + 18 + 15 = m, 0 = -4*r - 5*u + 21. What are the prime factors of r?
3
Let p be 2/(-4) + 230/4. Suppose -5*o + p = -2*o. List the prime factors of o.
19
Let k = 17 - 21. Let s(f) = 3*f**2 + 4*f - 5. What are the prime factors of s(k)?
3
Let t = 13 + 137. What are the prime factors of t?
2, 3, 5
Let v(c) = 2*c**3 + 3*c**2 - 4*c - 17. Let h(k) = k**3 + k**2 - 2*k - 8. Let n(f) = -13*h(f) + 6*v(f). List the prime factors of n(5).
2, 3
Suppose 5 = -4*d + 57. Let z be (0 - (0 - -3)) + d. Let f(u) = -u**3 + 9*u**2 + 10*u + 7. List the prime factors of f(z).
7
Suppose 2*b = b. Suppose 28 + b = 4*l. List the prime factors of l.
7
Suppose g + s - 28 = 4*s, 5*g + s - 124 = 0. Suppose -g = 5*j - 0*j. What are the prime factors of (-39)/j - 1/(-5)?
2
Let a = 19 - 5. Let h = a + -8. Suppose -3*w + 0 = -h. What are the prime factors of w?
2
Suppose -c - 26 = 3*l, -5*c + 1 - 27 = 2*l. List the prime factors of (-426)/(-27) - l/36.
2
Let u = 1 + 0. What are the prime factors of (u - -2) + (-15)/(-1)?
2, 3
Let g = 30 - -11. List the prime factors of g.
41
Suppose 0 = 4*p + 50 + 18. Let q = 29 + p. List the prime factors of q.
2, 3
Let v(i) = -i**2 - 15*i - 15. What are the prime factors of v(-11)?
29
Suppose -5*b + 4 = 3*q - 1, 0 = 5*b - 2*q + 20. Let m(s) = -7*s. What are the prime factors of m(b)?
2, 7
Suppose 0*v + 35 = -v + k, 0 = 2*v - 3*k + 66. Let b = 68 + v. What are the prime factors of b?
29
Let r(b) = b**3 + 3*b**2 + 10. What are the prime factors of r(3)?
2
Let b(j) = j**3 - 7*j**2 + 2*j. Let w(i) = -i**2 + 8*i. Let r be w(7). What are the prime factors of b(r)?
2, 7
Let x(y) = -y**3 + 6*y**2 - 5*y + 5. What are the prime factors of x(5)?
5
Let b = 287 + -176. What are the prime factors of b?
3, 37
Suppose -476 = -28*b + 26*b. What are the prime factors of b?
2, 7, 17
Suppose -15*l + 19*l - 636 = 0. What are the prime factors of l?
3, 53
Let t = -20 - -123. List the prime factors of t.
103
What are the prime factors of (0 - (-15)/6)*10?
5
Let p = -255 - -373. List the prime factors of p.
2, 59
Suppose t - 4 = 0, -11 = -3*s - 4*t - 1. List the prime factors of s/(-9) + 25/9.
3
List the prime factors of (-8)/14 - 1976/(-28).
2, 5, 7
Suppose 3*o - 7*o + 48 = 0. Suppose -5 = -l + o. List the prime factors of l.
17
List the prime factors of ((16/4)/2)/(-2) + 158.
157
Let d = 2 + -8. Let u = d + 0. List the prime factors of ((-10)/u)/(2/6).
5
Let r = -4 + 26. What are the prime factors of r?
2, 11
Let x(k) = -2*k - 2. Let q be x(-2). List the prime factors of q/(-4) + 36/8.
2
Let f = -9 - -15. Let l(w) = -5*w**2 + 11. Let i(u) = 9*u**2 - u - 21. Let s(r) = 4*i(r) + 7*l(r). List the prime factors of s(f).
5
Suppose -4 = 2*v - 2*j, 11 = 5*v - j + 3*j. Suppose -p + t - v = -13, 4*t - 30 = -2*p. List the prime factors of p.
13
Suppose 61 = n - 15. What are the prime factors of n?
2, 19
Let s(n) = n - 8. Let k be s(7). List the prime factors of ((k - -3)*5)/2.
5
Suppose 5 = u + 15. Let m = 14 + u. Suppose o - 2*o + 31 = m*t, 32 = 3*t - o. What are the prime factors of t?
3
Suppose -s - s + 324 = 4*l, -4*s = -3*l + 254. List the prime factors of l.
2, 41
Let p(c) be the third derivative of c**6/120 - c**5/30 - c**4/24 + c**3/2 - 2*c**2. What are the prime factors of p(3)?
3
Let r(x) = 3*x**3 + 2*x**2 - 4*x + 3. Let w be r(2). List the prime factors of -8*w/(-12)*1.
2, 3
Let j(d) = -3*d - 7. List the prime factors of j(-5).
2
Let j = -2 + 6. Let x be j*(-3)/(-4)*2. Suppose 0 = x*s - 3*s - 51. List the prime factors of s.
17
Suppose 2*f - 20 - 26 = -4*z, -z + f + 7 = 0. What are the prime factors of z?
2, 5
Suppose -2*c = c. Let d(n) = -7*n - 4. Let x be d(-5). Suppose 2*z - 2*h = 50, -x = -z - c*z + 3*h. List the prime factors of z.
2, 11
Let d(b) = -10 + 9*b - b**2 - 4*b + 2*b**2. What are the prime factors of d(-7)?
2
Let o be 30 + -2 + -1 - -2. Let h be (-1)/((-1)/11) - -3. Suppose -27 = -j - 5*q, -5*j + o = 2*q - h. List the prime factors of j.
7
Let u(i) = -i**3 + 7*i**2 + 2*i + 6. Let f(a) = -a**2 + a - 1. Let l(r) = 3*f(r) + u(r). List the prime factors of l(5).
3
Suppose 3*z - 7*z = -5*v - 858, -v - 2 = 0. List the prime factors of z.
2, 53
Let z(j) = j - 4. Let u be z(4). Let a = -1 + u. What are the prime factors of 12/3 + a + 1?
2
Suppose m + 63 = 4*i, -5*i = -m - 41 - 38. List the prime factors of i.
2
Let a(j) = 7*j**3 + 3*j**2 - 3*j. List the prime factors of a(2).
2, 31
Let b(g) = g + 3. Let q(x) = -4. Let a(m) = 3*b(m) + 4*q(m). List the prime factors of a(5).
2
Let t(v) = v**2 - 7*v + 7. Let c = -6 + 17